 l + 2*a. Suppose -x + l = -0. List the prime factors of x.
2, 3
Let y(f) = 2*f - 2. Let n be y(2). Suppose -2*i + 4*i - n*d = 32, -2*d = 2*i - 12. Let v = i + 1. List the prime factors of v.
2, 3
Let w be 5/2 - 3/2. Let r(f) = 3 + 8 - f - w. What are the prime factors of r(0)?
2, 5
Let g(v) = v + 4. Let h be g(-5). Let q be (-13)/(-2) + h/2. What are the prime factors of -17*(q + -3 - 4)?
17
Suppose f - 244 = 5*s, -s + 0*f = 5*f + 54. Let b = s + 73. What are the prime factors of b?
2, 3
Let g = -17 - -34. Let c be (-5)/(1/(1 - 0)). Let r = g + c. List the prime factors of r.
2, 3
Suppose 0 = -3*z + 2*z + 10. Suppose 3*l + z = -5. What are the prime factors of (-26)/l*15/6?
13
Suppose -u - 605 = -3*d - 2*d, -5*d = -5*u - 605. What are the prime factors of d?
11
What are the prime factors of 73 + (-1 + 1 - -1)?
2, 37
Let n(v) = -v**2 - 1. Let d(l) = -10*l**2 - 2*l. Let q(h) = -d(h) + n(h). What are the prime factors of q(-2)?
31
Suppose -4*i - 156 = -4*v, 5*v + 4*i + 0*i = 159. What are the prime factors of v?
5, 7
Let p be 0/(4*(-1)/(-2)). Let c be (p - -3)/(3 + -2). Suppose 6 = -2*z, c*z + 2*z = -t - 11. What are the prime factors of t?
2
Let w = 24 + -8. Let y = 8 + w. List the prime factors of y.
2, 3
Let u(p) = p - 6. Let a be u(6). Suppose -j + 3*y = -a*j - 60, 2*j - 110 = 4*y. Suppose 0*o - j = -3*o. What are the prime factors of o?
3, 5
Let n be (-26 - -27)/((-1)/(-26)). Suppose -2*p + 26 = b - 0*b, 24 = p - 5*b. Let z = n - p. What are the prime factors of z?
2, 3
Let o(r) = r**2 - 10*r - 11. List the prime factors of o(12).
13
Let z(l) = -4*l**3 - 3*l**2 - l + 1. What are the prime factors of z(-2)?
23
Let g be 404/6 - 4/(-6). Suppose -5*p = g + 7. Let k = 29 + p. List the prime factors of k.
2, 7
Let y be (-2)/(-11) - (-126)/33. Let s(w) = -w**2 + 4*w - 1. Let l be s(y). What are the prime factors of 1 - -7 - (l + 0)?
3
Suppose -4*l + 8*l - 280 = 0. Suppose 2*v - 35 = -3*h - 2*h, 5*v - 5*h - l = 0. What are the prime factors of v?
3, 5
Let j be 214/(-14) - 2/(-7). Let h = 23 + -14. List the prime factors of 24 + 5/(j/h).
3, 7
Suppose 0*i = -2*i + 24. List the prime factors of ((-88)/i)/((-1)/3).
2, 11
Suppose -4*r + 2*h + 143 = -h, -4*h + 12 = r. What are the prime factors of r?
2
Let g(d) = -d**3 - d + 16. List the prime factors of g(0).
2
What are the prime factors of (-2 + -1)/(-8 - -7)?
3
Suppose -6*i = 4*g - 4*i + 2, i = g - 1. Suppose g = -n - 4*n + 5. Suppose 4*y + n - 17 = 0. What are the prime factors of y?
2
Suppose 16 = 3*h - 0*h - 5*r, 0 = 2*h - 5*r - 9. Suppose -h = -4*g + 9. Let f(q) = 2*q**2 - 5*q + 6. List the prime factors of f(g).
2, 3
Let q = -11 - -32. List the prime factors of q.
3, 7
Let p be (-1)/(-2)*4 + 5. Let i = p - -11. List the prime factors of i.
2, 3
Let r(q) be the second derivative of -q**3/3 + 5*q**2/2 - 2*q. What are the prime factors of r(-4)?
13
Let m = -6 + 8. What are the prime factors of 58*((-5)/m + 3)?
29
Let s be 5 + -2 + 3 + -3. Suppose -3*i = -2*z + s + 58, -4*z + 5*i + 117 = 0. What are the prime factors of z?
23
Let l(b) = 104*b**3 - 3*b**2 + 4*b - 2. What are the prime factors of l(1)?
103
Suppose 0 = f + 15 - 43. Let p = f - 16. List the prime factors of p.
2, 3
Suppose -4*z + 4*s + 32 = 0, 3*z + 20 = 4*z - 5*s. Let d = z + 0. List the prime factors of d.
5
Let y = -70 + 46. What are the prime factors of (y/(-14))/(14/49)?
2, 3
Let d = -10 - -6. Let p = -505 - -1305. What are the prime factors of d/(-18) - p/(-45)?
2, 3
Let p = 10 + -7. Suppose -2*c = h - c - 2, p*c = h - 6. Suppose 0 = j + h*b - 3, 5*b - 25 = -0*j - 3*j. What are the prime factors of j?
3, 5
Suppose 3*v - 6 = -0. What are the prime factors of 49/7 + v*1?
3
Let q(i) = 35*i**2 + i. Let d be q(1). Let c be d*-3*3/(-18). Suppose -4*s + c = -2*s. List the prime factors of s.
3
Let f = -9 + 39. List the prime factors of f.
2, 3, 5
Suppose 3*w + 20 = -1. Let d = 12 + w. Suppose 0 = -0*h - d*h + 70. List the prime factors of h.
2, 7
Let v(i) = -12*i - 18. List the prime factors of v(-4).
2, 3, 5
Suppose -5*u + 243 = 4*v, u + 139 = 4*u - v. List the prime factors of u.
47
Suppose -3*s + 5*s - 8 = 0, 2*s = t - 27. List the prime factors of t.
5, 7
Suppose 2*z + 4*f = 2, 0 = z + f + 2*f - 5. Let p(t) = 2*t**2 + 6*t + 7. Let o(a) = a**2 - a - 1. Let d(k) = -o(k) + p(k). What are the prime factors of d(z)?
2
Let j(w) = -w**3 + 11*w**2 + 8*w + 29. What are the prime factors of j(9)?
263
Let n(h) = h**2 + 5*h - 1. Let m be n(-6). Suppose 6 = 2*i - 3*c - 7, -m*c = -2*i + 11. Suppose 4*f = -0*f + i. What are the prime factors of f?
2
Let r be (2/(-2))/((-3)/9). Suppose 0 = r*c - 0 - 6. List the prime factors of 34/c + 4/2.
19
Let i be (-2)/(-6) - (-24)/9. Suppose i*x = 4*d + 57, -4*d + 3*d + 27 = 2*x. What are the prime factors of x?
3, 5
Let x be (-6)/8 + (-15)/(-20). Suppose -3*n + 2*n + 6 = x. List the prime factors of (n/(-5))/(8/(-60)).
3
Let s(q) = -q**2 + q + 20. Let f(t) = -t - 3. Let l be f(-3). List the prime factors of s(l).
2, 5
Let y(l) be the third derivative of l**5/6 + l**4/24 - 6*l**2. What are the prime factors of y(2)?
2, 3, 7
Let u = 56 + -25. List the prime factors of u.
31
List the prime factors of 2*(2 + 132/8).
37
Let v(m) = m**3 - 2*m**2 + 3*m - 1. Let g be v(2). Suppose -4*z - g*h - 50 = z, -56 = 5*z + 2*h. What are the prime factors of (6/9)/((-2)/z)?
2
List the prime factors of (52 - 4)*2/3.
2
Let c = 107 + 52. What are the prime factors of c?
3, 53
Let t(i) = -2*i + 7*i - 7*i**3 - 5 - 8*i**2 + 2. Let q(c) = c**3 + c**2 - c + 1. Let f(z) = 6*q(z) + t(z). List the prime factors of f(-3).
3, 5
Suppose 0 = -6*i + i - 10. Let u be i*2*(-1)/(-2). List the prime factors of (2/(-4))/(u/8).
2
Let q be (-1 - -8) + 2 + -1. Let a(d) = d**3 - 6*d**2 - 7*d + 10. Let h be a(7). Let u = q + h. What are the prime factors of u?
2, 3
Let c = 0 + 31. List the prime factors of c.
31
Let l = 10 + -6. Let k = l - 9. Let j = k - -13. What are the prime factors of j?
2
Let t = 407 - 285. List the prime factors of t.
2, 61
Let f(n) = -n**3 - 11*n**2 + 14*n + 17. Let p be f(-12). Let c(d) = -d**2 - 7*d + 2. What are the prime factors of c(p)?
2
Let h = 80 + 10. Let t = -36 + h. What are the prime factors of t?
2, 3
Suppose -2*i = -d - 2, -d = -0*i + 3*i - 8. Let f(u) = 3*u + 3*u**2 + u**3 - d - 4*u**2 - 2*u**2. List the prime factors of f(3).
7
Suppose -33*a = -34*a + 13. List the prime factors of a.
13
Let k = 1189 - 815. List the prime factors of k.
2, 11, 17
Let c(h) = -h + 1. Let a be c(-1). Suppose 0 = 5*s - 2*j - 46, 5*s = -a*j + 66 - 12. List the prime factors of s.
2, 5
Let l be 9/(-2)*(-10)/(-3). What are the prime factors of 2 + -4 - l*1?
13
Let n(q) = -q**2 - 6*q + 4. Let g be n(-6). Let w(y) = y**2 - 4. Let t be w(g). Let v = t + -6. List the prime factors of v.
2, 3
What are the prime factors of ((-24)/(-10))/(3/40)?
2
Suppose -53 = 2*q - 3. Let x = 38 + q. What are the prime factors of x?
13
Let t(m) = 5*m**2 + m + 2. Let k be t(-2). Let h = -11 + k. List the prime factors of h.
3
Let m(k) = -2*k**2 - 7*k - 4. Let l(o) = -3*o**2 - 8*o - 5. Let x(p) = -3*l(p) + 4*m(p). List the prime factors of x(5).
2
Let u(q) = 2*q**2. Let b be u(1). Let h be (1 + b + -5)*-2. Suppose d = -5, 0 = h*w - d - 24 - 29. What are the prime factors of w?
2, 3
Suppose -4*c + 2*f = -204, -2*c + 102 = -f - 4*f. Suppose -9 = -3*t + c. List the prime factors of t.
2, 5
List the prime factors of 646/10 + (-8)/(-20).
5, 13
Let d(o) = -o - 5. Let i be d(-6). Suppose 2*b - 31 = -c, c - i = 6*b - 2*b. List the prime factors of c.
3, 7
Suppose 3 + 1 = 4*j, -j - 123 = -4*l. List the prime factors of l.
31
Suppose 2*s - 110 = 4*d, -5*s = 2*d - 135 - 176. What are the prime factors of s?
61
Let a(m) = -29*m + 3. What are the prime factors of a(-3)?
2, 3, 5
List the prime factors of 4/(-3 + 1)*-1*12.
2, 3
Suppose 2*t - 164 = -0*t. What are the prime factors of t?
2, 41
List the prime factors of (-5)/20 - 66/(-8).
2
Suppose -4 = 3*z + 2. Let l = 1 + z. What are the prime factors of 62/8 + l/(-4)?
2
Let d(c) = -2*c**3 + 3*c - 2. Let b be d(2). Suppose -202 = -5*s - 57. Let f = s + b. List the prime factors of f.
17
Suppose f - 3*f + 72 = 0. What are the prime factors of f?
2, 3
Let d = 17 - 12. Suppose -2*u = 3*n - 53, -d*n + 4 = -u - 2. List the prime 